Dec 01 09:05:13.806 INFO testing mk12/wowcpe against master#8940af3cea4a9a9deabcaf843b2f8cad9a83fc61 for beta-1.31-5
Dec 01 09:05:13.806 INFO running `"docker" "create" "-v" "/mnt/big/crater/work/local/target-dirs/beta-1.31-5/worker-6/master#8940af3cea4a9a9deabcaf843b2f8cad9a83fc61:/target:rw,Z" "-v" "/mnt/big/crater/work/local/test-source/worker-6/beta-1.31-5/master#8940af3cea4a9a9deabcaf843b2f8cad9a83fc61:/source:ro,Z" "-v" "/mnt/big/crater/work/local/cargo-home:/cargo-home:ro,Z" "-v" "/mnt/big/crater/work/local/rustup-home:/rustup-home:ro,Z" "-e" "USER_ID=1000" "-e" "SOURCE_DIR=/source" "-e" "USER_ID=1000" "-e" "CMD=cargo +8940af3cea4a9a9deabcaf843b2f8cad9a83fc61-alt build --frozen" "-e" "CARGO_TARGET_DIR=/target" "-e" "CARGO_INCREMENTAL=0" "-e" "RUST_BACKTRACE=full" "-e" "RUSTFLAGS=--cap-lints=warn" "-e" "CARGO_HOME=/cargo-home" "-e" "RUSTUP_HOME=/rustup-home" "-m" "1536M" "--network" "none" "crater"`
Dec 01 09:05:13.968 INFO [stdout] c56638731fcb189693083e7dd7be7941c59d070bbca73d79e0ceb26161a782be
Dec 01 09:05:13.972 INFO running `"docker" "start" "-a" "c56638731fcb189693083e7dd7be7941c59d070bbca73d79e0ceb26161a782be"`
Dec 01 09:05:14.487 INFO [stderr] usermod: no changes
Dec 01 09:05:14.663 INFO [stderr]    Compiling marksman_escape v0.1.2
Dec 01 09:05:14.663 INFO [stderr]    Compiling memchr v0.1.11
Dec 01 09:05:14.663 INFO [stderr]    Compiling utf-8 v0.6.0
Dec 01 09:05:14.663 INFO [stderr]    Compiling libz-sys v1.0.16
Dec 01 09:05:14.663 INFO [stderr]    Compiling curl-sys v0.3.14
Dec 01 09:05:14.663 INFO [stderr]    Compiling nodrop v0.1.9
Dec 01 09:05:14.671 INFO [stderr]    Compiling socket2 v0.2.1
Dec 01 09:05:14.683 INFO [stderr]    Compiling string_cache v0.2.29
Dec 01 09:05:16.627 INFO [stderr]    Compiling cssparser v0.5.8
Dec 01 09:05:16.627 INFO [stderr]    Compiling num v0.1.39
Dec 01 09:05:16.670 INFO [stderr]    Compiling thread-id v2.0.0
Dec 01 09:05:17.455 INFO [stderr]    Compiling quickersort v2.2.0
Dec 01 09:05:17.483 INFO [stderr]    Compiling aho-corasick v0.5.3
Dec 01 09:05:19.769 INFO [stderr]    Compiling html5ever v0.5.4
Dec 01 09:05:19.769 INFO [stderr]    Compiling tendril v0.2.4
Dec 01 09:05:19.781 INFO [stderr]    Compiling thread_local v0.2.7
Dec 01 09:05:21.503 INFO [stderr]    Compiling chrono v0.4.0
Dec 01 09:05:21.526 INFO [stderr]    Compiling regex v0.1.80
Dec 01 09:05:26.081 INFO [stderr]    Compiling curl v0.4.7
Dec 01 09:05:27.579 INFO [stderr]    Compiling selectors v0.5.9
Dec 01 09:05:43.723 INFO [stderr]    Compiling parse-zoneinfo v0.1.0
Dec 01 09:05:49.447 INFO [stderr]    Compiling chrono-tz v0.4.1
Dec 01 09:05:50.321 INFO [stderr]    Compiling scraper v0.4.0
Dec 01 09:05:57.508 INFO [stderr]    Compiling table-extract v0.2.1
Dec 01 09:06:16.747 INFO [stderr]    Compiling wowcpe v0.1.3 (/source)
Dec 01 09:06:23.886 INFO [stderr]     Finished dev [unoptimized + debuginfo] target(s) in 1m 09s
Dec 01 09:06:23.898 INFO [stderr] su: No module specific data is present
Dec 01 09:06:24.365 INFO running `"docker" "inspect" "c56638731fcb189693083e7dd7be7941c59d070bbca73d79e0ceb26161a782be"`
Dec 01 09:06:24.595 INFO running `"docker" "rm" "-f" "c56638731fcb189693083e7dd7be7941c59d070bbca73d79e0ceb26161a782be"`
Dec 01 09:06:24.919 INFO [stdout] c56638731fcb189693083e7dd7be7941c59d070bbca73d79e0ceb26161a782be
Dec 01 09:06:24.921 INFO running `"docker" "create" "-v" "/mnt/big/crater/work/local/target-dirs/beta-1.31-5/worker-6/master#8940af3cea4a9a9deabcaf843b2f8cad9a83fc61:/target:rw,Z" "-v" "/mnt/big/crater/work/local/test-source/worker-6/beta-1.31-5/master#8940af3cea4a9a9deabcaf843b2f8cad9a83fc61:/source:ro,Z" "-v" "/mnt/big/crater/work/local/cargo-home:/cargo-home:ro,Z" "-v" "/mnt/big/crater/work/local/rustup-home:/rustup-home:ro,Z" "-e" "USER_ID=1000" "-e" "SOURCE_DIR=/source" "-e" "USER_ID=1000" "-e" "CMD=cargo +8940af3cea4a9a9deabcaf843b2f8cad9a83fc61-alt test --frozen --no-run" "-e" "CARGO_TARGET_DIR=/target" "-e" "CARGO_INCREMENTAL=0" "-e" "RUST_BACKTRACE=full" "-e" "RUSTFLAGS=--cap-lints=warn" "-e" "CARGO_HOME=/cargo-home" "-e" "RUSTUP_HOME=/rustup-home" "-m" "1536M" "--network" "none" "crater"`
Dec 01 09:06:25.552 INFO [stdout] efeb5c19b95cba06e360b995ba01807124c12c15a394caf8524f1a9700cace7c
Dec 01 09:06:25.556 INFO running `"docker" "start" "-a" "efeb5c19b95cba06e360b995ba01807124c12c15a394caf8524f1a9700cace7c"`
Dec 01 09:06:26.595 INFO [stderr] usermod: no changes
Dec 01 09:06:26.794 INFO [stderr]    Compiling wowcpe v0.1.3 (/source)
Dec 01 09:06:31.399 INFO [stderr]     Finished dev [unoptimized + debuginfo] target(s) in 4.78s
Dec 01 09:06:31.412 INFO [stderr] su: No module specific data is present
Dec 01 09:06:31.825 INFO running `"docker" "inspect" "efeb5c19b95cba06e360b995ba01807124c12c15a394caf8524f1a9700cace7c"`
Dec 01 09:06:31.950 INFO running `"docker" "rm" "-f" "efeb5c19b95cba06e360b995ba01807124c12c15a394caf8524f1a9700cace7c"`
Dec 01 09:06:32.046 INFO [stdout] efeb5c19b95cba06e360b995ba01807124c12c15a394caf8524f1a9700cace7c
Dec 01 09:06:32.048 INFO running `"docker" "create" "-v" "/mnt/big/crater/work/local/target-dirs/beta-1.31-5/worker-6/master#8940af3cea4a9a9deabcaf843b2f8cad9a83fc61:/target:rw,Z" "-v" "/mnt/big/crater/work/local/test-source/worker-6/beta-1.31-5/master#8940af3cea4a9a9deabcaf843b2f8cad9a83fc61:/source:ro,Z" "-v" "/mnt/big/crater/work/local/cargo-home:/cargo-home:ro,Z" "-v" "/mnt/big/crater/work/local/rustup-home:/rustup-home:ro,Z" "-e" "USER_ID=1000" "-e" "SOURCE_DIR=/source" "-e" "USER_ID=1000" "-e" "CMD=cargo +8940af3cea4a9a9deabcaf843b2f8cad9a83fc61-alt test --frozen" "-e" "CARGO_TARGET_DIR=/target" "-e" "CARGO_INCREMENTAL=0" "-e" "RUST_BACKTRACE=full" "-e" "RUSTFLAGS=--cap-lints=warn" "-e" "CARGO_HOME=/cargo-home" "-e" "RUSTUP_HOME=/rustup-home" "-m" "1536M" "--network" "none" "crater"`
Dec 01 09:06:32.275 INFO [stdout] 79713daaf43a52d8f1985951f132ffa12f73ba42ebfda657c3932b58db6463c1
Dec 01 09:06:32.276 INFO running `"docker" "start" "-a" "79713daaf43a52d8f1985951f132ffa12f73ba42ebfda657c3932b58db6463c1"`
Dec 01 09:06:32.863 INFO [stderr] usermod: no changes
Dec 01 09:06:33.005 INFO [stderr]     Finished dev [unoptimized + debuginfo] target(s) in 0.12s
Dec 01 09:06:33.010 INFO [stderr]      Running /target/debug/deps/wowcpe-f7e0cee6a05e2a3d
Dec 01 09:06:33.037 INFO [stdout] 
Dec 01 09:06:33.037 INFO [stdout] running 15 tests
Dec 01 09:06:33.038 INFO [stdout] test tests::parse_field_none ... ok
Dec 01 09:06:33.038 INFO [stdout] test tests::test_get_url_eastern ... ok
Dec 01 09:06:33.047 INFO [stdout] test tests::test_eastern_eod ... ok
Dec 01 09:06:33.047 INFO [stdout] test tests::parse_field_some ... ok
Dec 01 09:06:33.048 INFO [stdout] test tests::test_get_url_pacific ... ok
Dec 01 09:06:33.049 INFO [stdout] test tests::test_lookup_in_html_parse_err ... ok
Dec 01 09:06:33.049 INFO [stdout] test tests::test_parse_eastern_time_eastern ... ok
Dec 01 09:06:33.049 INFO [stdout] test tests::test_parse_eastern_time_err ... ok
Dec 01 09:06:33.049 INFO [stdout] test tests::test_lookup_in_html_too_early ... ok
Dec 01 09:06:33.051 INFO [stdout] test tests::test_parse_eastern_time_ok ... ok
Dec 01 09:06:33.051 INFO [stdout] test tests::test_parse_eastern_time_pacific ... ok
Dec 01 09:06:33.051 INFO [stdout] test tests::test_validate_request_err ... ok
Dec 01 09:06:33.055 INFO [stdout] test tests::test_validate_request_ok ... ok
Dec 01 09:06:33.091 INFO [stdout] test tests::test_lookup_in_html_last ... FAILED
Dec 01 09:06:33.091 INFO [stdout] test tests::test_lookup_in_html_first ... FAILED
Dec 01 09:06:33.091 INFO [stdout] 
Dec 01 09:06:33.091 INFO [stdout] failures:
Dec 01 09:06:33.091 INFO [stdout] 
Dec 01 09:06:33.091 INFO [stdout] ---- tests::test_lookup_in_html_last stdout ----
Dec 01 09:06:33.091 INFO [stdout] thread 'tests::test_lookup_in_html_last' panicked at 'called `Result::unwrap()` on an `Err` value: HtmlParse', libcore/result.rs:1009:5
Dec 01 09:06:33.091 INFO [stdout] stack backtrace:
Dec 01 09:06:33.091 INFO [stdout]    0:     0x55a93df70f2f - std::sys::unix::backtrace::tracing::imp::unwind_backtrace::h3a8b83e1922cbdde
Dec 01 09:06:33.091 INFO [stdout]                                at libstd/sys/unix/backtrace/tracing/gcc_s.rs:49
Dec 01 09:06:33.091 INFO [stdout]    1:     0x55a93df79f97 - std::sys_common::backtrace::print::h00d3155a29b4020f
Dec 01 09:06:33.091 INFO [stdout]                                at libstd/sys_common/backtrace.rs:71
Dec 01 09:06:33.091 INFO [stdout]                                at libstd/sys_common/backtrace.rs:59
Dec 01 09:06:33.091 INFO [stdout]    2:     0x55a93df74c7f - std::panicking::default_hook::{{closure}}::hd7465c742e79e1bb
Dec 01 09:06:33.091 INFO [stdout]                                at libstd/panicking.rs:211
Dec 01 09:06:33.091 INFO [stdout]    3:     0x55a93df7497e - std::panicking::default_hook::h9e3966f2aa2a6e12
Dec 01 09:06:33.091 INFO [stdout]                                at libstd/panicking.rs:221
Dec 01 09:06:33.091 INFO [stdout]    4:     0x55a93df7535e - std::panicking::rust_panic_with_hook::h587f091ae747d080
Dec 01 09:06:33.091 INFO [stdout]                                at libstd/panicking.rs:476
Dec 01 09:06:33.091 INFO [stdout]    5:     0x55a93df74f01 - std::panicking::continue_panic_fmt::hb3a4fdede87f43a8
Dec 01 09:06:33.091 INFO [stdout]                                at libstd/panicking.rs:390
Dec 01 09:06:33.091 INFO [stdout]    6:     0x55a93df74de5 - rust_begin_unwind
Dec 01 09:06:33.091 INFO [stdout]                                at libstd/panicking.rs:325
Dec 01 09:06:33.091 INFO [stdout]    7:     0x55a93dfb876c - core::panicking::panic_fmt::h6f9cebf5e7474a0b
Dec 01 09:06:33.091 INFO [stdout]                                at libcore/panicking.rs:77
Dec 01 09:06:33.091 INFO [stdout]    8:     0x55a93ddcbcfb - core::result::unwrap_failed::h36c6432de30d199a
Dec 01 09:06:33.091 INFO [stdout]                                at libcore/macros.rs:26
Dec 01 09:06:33.091 INFO [stdout]    9:     0x55a93ddcb839 - <core::result::Result<T, E>>::unwrap::h543cb86ac93076ae
Dec 01 09:06:33.091 INFO [stdout]                                at libcore/result.rs:808
Dec 01 09:06:33.091 INFO [stdout]   10:     0x55a93ddbf28c - wowcpe::tests::test_lookup_in_html_last::h8fbf24c4105835f2
Dec 01 09:06:33.091 INFO [stdout]                                at src/lib.rs:467
Dec 01 09:06:33.091 INFO [stdout]   11:     0x55a93ddbef79 - wowcpe::tests::test_lookup_in_html_last::{{closure}}::h3afb1233e5752f58
Dec 01 09:06:33.091 INFO [stdout]                                at src/lib.rs:454
Dec 01 09:06:33.091 INFO [stdout]   12:     0x55a93ddc4d6d - core::ops::function::FnOnce::call_once::hb44fc280c3cf2c0f
Dec 01 09:06:33.091 INFO [stdout]                                at libcore/ops/function.rs:238
Dec 01 09:06:33.091 INFO [stdout]   13:     0x55a93ddd1ece - <F as alloc::boxed::FnBox<A>>::call_box::hac903f91577a156c
Dec 01 09:06:33.091 INFO [stdout]                                at libtest/lib.rs:1468
Dec 01 09:06:33.091 INFO [stdout]                                at libcore/ops/function.rs:238
Dec 01 09:06:33.091 INFO [stdout]                                at liballoc/boxed.rs:672
Dec 01 09:06:33.091 INFO [stdout]   14:     0x55a93df84f49 - __rust_maybe_catch_panic
Dec 01 09:06:33.091 INFO [stdout]                                at libpanic_unwind/lib.rs:102
Dec 01 09:06:33.091 INFO [stdout]   15:     0x55a93ddf3b22 - std::sys_common::backtrace::__rust_begin_short_backtrace::hb8f0d0309526c184
Dec 01 09:06:33.091 INFO [stdout]                                at libstd/panicking.rs:289
Dec 01 09:06:33.091 INFO [stdout]                                at libstd/panic.rs:392
Dec 01 09:06:33.091 INFO [stdout]                                at libtest/lib.rs:1423
Dec 01 09:06:33.091 INFO [stdout]                                at libstd/sys_common/backtrace.rs:136
Dec 01 09:06:33.091 INFO [stdout]   16:     0x55a93ddf45d4 - std::panicking::try::do_call::hc2f7c8b9a348d8db
Dec 01 09:06:33.091 INFO [stdout]                                at libstd/thread/mod.rs:409
Dec 01 09:06:33.091 INFO [stdout]                                at libstd/panic.rs:313
Dec 01 09:06:33.091 INFO [stdout]                                at libstd/panicking.rs:310
Dec 01 09:06:33.091 INFO [stdout]   17:     0x55a93df84f49 - __rust_maybe_catch_panic
Dec 01 09:06:33.091 INFO [stdout]                                at libpanic_unwind/lib.rs:102
Dec 01 09:06:33.091 INFO [stdout]   18:     0x55a93dde180c - <F as alloc::boxed::FnBox<A>>::call_box::h6bfded618e480b32
Dec 01 09:06:33.091 INFO [stdout]                                at libstd/panicking.rs:289
Dec 01 09:06:33.091 INFO [stdout]                                at libstd/panic.rs:392
Dec 01 09:06:33.091 INFO [stdout]                                at libstd/thread/mod.rs:408
Dec 01 09:06:33.092 INFO [stdout]                                at liballoc/boxed.rs:672
Dec 01 09:06:33.092 INFO [stdout]   19:     0x55a93df72b6d - std::sys_common::thread::start_thread::h4c28257d67cdf9cb
Dec 01 09:06:33.092 INFO [stdout]                                at liballoc/boxed.rs:682
Dec 01 09:06:33.092 INFO [stdout]                                at libstd/sys_common/thread.rs:24
Dec 01 09:06:33.092 INFO [stdout]   20:     0x55a93df68065 - std::sys::unix::thread::Thread::new::thread_start::hfecb2e7eff8fd34f
Dec 01 09:06:33.092 INFO [stdout]                                at libstd/sys/unix/thread.rs:90
Dec 01 09:06:33.092 INFO [stdout]   21:     0x7f7f4726c6b9 - start_thread
Dec 01 09:06:33.092 INFO [stdout]   22:     0x7f7f46d8c41c - clone
Dec 01 09:06:33.092 INFO [stdout]   23:                0x0 - <unknown>
Dec 01 09:06:33.092 INFO [stdout] 
Dec 01 09:06:33.092 INFO [stdout] ---- tests::test_lookup_in_html_first stdout ----
Dec 01 09:06:33.092 INFO [stdout] thread 'tests::test_lookup_in_html_first' panicked at 'called `Result::unwrap()` on an `Err` value: HtmlParse', libcore/result.rs:1009:5
Dec 01 09:06:33.092 INFO [stdout] stack backtrace:
Dec 01 09:06:33.092 INFO [stdout]    0:     0x55a93df70f2f - std::sys::unix::backtrace::tracing::imp::unwind_backtrace::h3a8b83e1922cbdde
Dec 01 09:06:33.092 INFO [stdout]                                at libstd/sys/unix/backtrace/tracing/gcc_s.rs:49
Dec 01 09:06:33.092 INFO [stdout]    1:     0x55a93df79f97 - std::sys_common::backtrace::print::h00d3155a29b4020f
Dec 01 09:06:33.092 INFO [stdout]                                at libstd/sys_common/backtrace.rs:71
Dec 01 09:06:33.092 INFO [stdout]                                at libstd/sys_common/backtrace.rs:59
Dec 01 09:06:33.092 INFO [stdout]    2:     0x55a93df74c7f - std::panicking::default_hook::{{closure}}::hd7465c742e79e1bb
Dec 01 09:06:33.092 INFO [stdout]                                at libstd/panicking.rs:211
Dec 01 09:06:33.092 INFO [stdout]    3:     0x55a93df7497e - std::panicking::default_hook::h9e3966f2aa2a6e12
Dec 01 09:06:33.092 INFO [stdout]                                at libstd/panicking.rs:221
Dec 01 09:06:33.092 INFO [stdout]    4:     0x55a93df7535e - std::panicking::rust_panic_with_hook::h587f091ae747d080
Dec 01 09:06:33.092 INFO [stdout]                                at libstd/panicking.rs:476
Dec 01 09:06:33.092 INFO [stdout]    5:     0x55a93df74f01 - std::panicking::continue_panic_fmt::hb3a4fdede87f43a8
Dec 01 09:06:33.092 INFO [stdout]                                at libstd/panicking.rs:390
Dec 01 09:06:33.092 INFO [stdout]    6:     0x55a93df74de5 - rust_begin_unwind
Dec 01 09:06:33.092 INFO [stdout]                                at libstd/panicking.rs:325
Dec 01 09:06:33.092 INFO [stdout]    7:     0x55a93dfb876c - core::panicking::panic_fmt::h6f9cebf5e7474a0b
Dec 01 09:06:33.092 INFO [stdout]                                at libcore/panicking.rs:77
Dec 01 09:06:33.092 INFO [stdout]    8:     0x55a93ddcbcfb - core::result::unwrap_failed::h36c6432de30d199a
Dec 01 09:06:33.092 INFO [stdout]                                at libcore/macros.rs:26
Dec 01 09:06:33.092 INFO [stdout]    9:     0x55a93ddcb839 - <core::result::Result<T, E>>::unwrap::h543cb86ac93076ae
Dec 01 09:06:33.092 INFO [stdout]                                at libcore/result.rs:808
Dec 01 09:06:33.092 INFO [stdout]   10:     0x55a93ddbe83c - wowcpe::tests::test_lookup_in_html_first::hdfb8086c50a253cb
Dec 01 09:06:33.092 INFO [stdout]                                at src/lib.rs:444
Dec 01 09:06:33.092 INFO [stdout]   11:     0x55a93ddbe529 - wowcpe::tests::test_lookup_in_html_first::{{closure}}::hcf31acf4363a42f2
Dec 01 09:06:33.092 INFO [stdout]                                at src/lib.rs:431
Dec 01 09:06:33.092 INFO [stdout]   12:     0x55a93ddc4ded - core::ops::function::FnOnce::call_once::hd6af32cac34d2e9f
Dec 01 09:06:33.092 INFO [stdout]                                at libcore/ops/function.rs:238
Dec 01 09:06:33.092 INFO [stdout]   13:     0x55a93ddd1ece - <F as alloc::boxed::FnBox<A>>::call_box::hac903f91577a156c
Dec 01 09:06:33.092 INFO [stdout]                                at libtest/lib.rs:1468
Dec 01 09:06:33.092 INFO [stdout]                                at libcore/ops/function.rs:238
Dec 01 09:06:33.092 INFO [stdout]                                at liballoc/boxed.rs:672
Dec 01 09:06:33.092 INFO [stdout]   14:     0x55a93df84f49 - __rust_maybe_catch_panic
Dec 01 09:06:33.092 INFO [stdout]                                at libpanic_unwind/lib.rs:102
Dec 01 09:06:33.092 INFO [stdout]   15:     0x55a93ddf3b22 - std::sys_common::backtrace::__rust_begin_short_backtrace::hb8f0d0309526c184
Dec 01 09:06:33.092 INFO [stdout]                                at libstd/panicking.rs:289
Dec 01 09:06:33.092 INFO [stdout]                                at libstd/panic.rs:392
Dec 01 09:06:33.092 INFO [stdout]                                at libtest/lib.rs:1423
Dec 01 09:06:33.092 INFO [stdout]                                at libstd/sys_common/backtrace.rs:136
Dec 01 09:06:33.092 INFO [stdout]   16:     0x55a93ddf45d4 - std::panicking::try::do_call::hc2f7c8b9a348d8db
Dec 01 09:06:33.092 INFO [stdout]                                at libstd/thread/mod.rs:409
Dec 01 09:06:33.092 INFO [stdout]                                at libstd/panic.rs:313
Dec 01 09:06:33.092 INFO [stdout]                                at libstd/panicking.rs:310
Dec 01 09:06:33.092 INFO [stdout]   17:     0x55a93df84f49 - __rust_maybe_catch_panic
Dec 01 09:06:33.092 INFO [stdout]                                at libpanic_unwind/lib.rs:102
Dec 01 09:06:33.092 INFO [stdout]   18:     0x55a93dde180c - <F as alloc::boxed::FnBox<A>>::call_box::h6bfded618e480b32
Dec 01 09:06:33.092 INFO [stdout]                                at libstd/panicking.rs:289
Dec 01 09:06:33.092 INFO [stdout]                                at libstd/panic.rs:392
Dec 01 09:06:33.092 INFO [stdout]                                at libstd/thread/mod.rs:408
Dec 01 09:06:33.092 INFO [stdout]                                at liballoc/boxed.rs:672
Dec 01 09:06:33.092 INFO [stdout]   19:     0x55a93df72b6d - std::sys_common::thread::start_thread::h4c28257d67cdf9cb
Dec 01 09:06:33.092 INFO [stdout]                                at liballoc/boxed.rs:682
Dec 01 09:06:33.092 INFO [stdout]                                at libstd/sys_common/thread.rs:24
Dec 01 09:06:33.092 INFO [stdout]   20:     0x55a93df68065 - std::sys::unix::thread::Thread::new::thread_start::hfecb2e7eff8fd34f
Dec 01 09:06:33.092 INFO [stdout]                                at libstd/sys/unix/thread.rs:90
Dec 01 09:06:33.092 INFO [stdout]   21:     0x7f7f4726c6b9 - start_thread
Dec 01 09:06:33.092 INFO [stdout]   22:     0x7f7f46d8c41c - clone
Dec 01 09:06:33.092 INFO [stdout]   23:                0x0 - <unknown>
Dec 01 09:06:33.092 INFO [stdout] 
Dec 01 09:06:33.092 INFO [stdout] 
Dec 01 09:06:33.092 INFO [stdout] failures:
Dec 01 09:06:33.092 INFO [stdout]     tests::test_lookup_in_html_first
Dec 01 09:06:33.092 INFO [stdout]     tests::test_lookup_in_html_last
Dec 01 09:06:33.092 INFO [stdout] 
Dec 01 09:06:33.092 INFO [stdout] test result: FAILED. 13 passed; 2 failed; 0 ignored; 0 measured; 0 filtered out
Dec 01 09:06:33.092 INFO [stdout] 
Dec 01 09:06:33.111 INFO [stderr] error: test failed, to rerun pass '--lib'
Dec 01 09:06:33.111 INFO [stderr] su: No module specific data is present
Dec 01 09:06:33.441 INFO running `"docker" "inspect" "79713daaf43a52d8f1985951f132ffa12f73ba42ebfda657c3932b58db6463c1"`
Dec 01 09:06:33.536 INFO running `"docker" "rm" "-f" "79713daaf43a52d8f1985951f132ffa12f73ba42ebfda657c3932b58db6463c1"`
Dec 01 09:06:33.638 INFO [stdout] 79713daaf43a52d8f1985951f132ffa12f73ba42ebfda657c3932b58db6463c1
